{"id":10935,"date":"2026-01-17T08:32:39","date_gmt":"2026-01-17T07:32:39","guid":{"rendered":"https:\/\/speleoclub-gap.fr\/?page_id=10935"},"modified":"2026-01-17T08:32:39","modified_gmt":"2026-01-17T07:32:39","slug":"lutte-et-prevention-contre-les-violences","status":"publish","type":"page","link":"https:\/\/speleoclub-gap.fr\/?page_id=10935","title":{"rendered":"Lutte et pr\u00e9vention contre les violences"},"content":{"rendered":"\n<h3 class=\"wp-block-heading\">Tous concern\u00e9s<\/h3>\n\n\n\n<h4 class=\"wp-block-heading\">Les violences sexistes, sexuelles et les discriminations dans le sport ne doivent pas \u00eatre un tabou<\/h4>\n\n\n\n<p>Mineur, parent, pratiquant, encadrant, retrouvez l&rsquo;ensemble des outils mis en place par la F\u00e9d\u00e9ration concernant la lutte contre les violences sexistes, sexuelles et les discriminations dans le sport.<\/p>\n\n\n\n<h2 class=\"wp-block-heading\">Effectuer un signalement<\/h2>\n\n\n\n<h4 class=\"wp-block-heading\">Vous \u00eates t\u00e9moin, victime ou vous avez connaissance de faits contraires \u00e0 la morale et \u00e0 l&rsquo;\u00e9thique de la F\u00e9d\u00e9ration, et vous souhaiteriez les porter \u00e0 la connaissance de la F\u00e9d\u00e9ration ?<\/h4>\n\n\n\n<p>Vous pouvez :<\/p>\n\n\n\n<h4 class=\"wp-block-heading\"><a href=\"https:\/\/ffspeleo.fr\/csx\/scripts\/downloader2.php?filename=T011\/media\/5a\/93\/ic261o5307ux&amp;mime=application%2Fpdf&amp;originalname=Trame_de_recueil_information_orale-V4.pdf&amp;moid=36\">Utiliser le formulaire d\u00e9di\u00e9<\/a><\/h4>\n\n\n\n<p>Ou rendez-vous sur la page sp\u00e9cifique de la F\u00e9d\u00e9ration fran\u00e7aise de Sp\u00e9l\u00e9ologie.<\/p>\n\n\n\n<figure class=\"wp-block-image size-full is-resized\"><a href=\"https:\/\/ffspeleo.fr\/lutte_prevention_violences.html\"><img loading=\"lazy\" decoding=\"async\" width=\"188\" height=\"58\" src=\"https:\/\/speleoclub-gap.fr\/wp-content\/uploads\/2026\/01\/image.png\" alt=\"\" class=\"wp-image-10936\" style=\"width:327px;height:auto\"\/><\/a><\/figure>\n\n\n\n<h3 class=\"wp-block-heading\">Retrouvez l&rsquo;ensemble des outils et documents en bas de page<\/h3>\n\n\n\n<p>N&rsquo;h\u00e9sitez pas \u00e9galement \u00e0 visionner 3 vid\u00e9os p\u00e9dagogiques traitant de ces probl\u00e9matiques :<\/p>\n\n\n\n<p><a href=\"https:\/\/www.youtube.com\/watch?v=PVAFdPAA6qw\" target=\"_blank\" rel=\"noreferrer noopener\">C&rsquo;est quoi les agressions sexuelles ?<\/a><\/p>\n\n\n\n<p><a href=\"https:\/\/www.youtube.com\/watch?v=c6akpaF26Vk\" target=\"_blank\" rel=\"noreferrer noopener\">C&rsquo;est quoi le harc\u00e8lement sexuel ?<\/a><\/p>\n\n\n\n<p><a href=\"https:\/\/www.youtube.com\/watch?v=lGUTFbQ7g1U\" target=\"_blank\" rel=\"noreferrer noopener\">Enfants, ados, adultes victimes de violences dans le sport : des professionnels peuvent t&rsquo;aider.<\/a><\/p>\n\n\n\n<p><\/p>\n","protected":false},"excerpt":{"rendered":"<p>Tous concern\u00e9s Les violences sexistes, sexuelles et les discriminations dans le sport ne doivent pas \u00eatre un tabou Mineur, parent, pratiquant, encadrant, retrouvez l&rsquo;ensemble des outils mis en place par [&hellip;]<\/p>\n","protected":false},"author":2,"featured_media":0,"parent":0,"menu_order":0,"comment_status":"closed","ping_status":"closed","template":"","meta":{"footnotes":""},"class_list":["post-10935","page","type-page","status-publish","hentry"],"_links":{"self":[{"href":"https:\/\/speleoclub-gap.fr\/index.php?rest_route=\/wp\/v2\/pages\/10935","targetHints":{"allow":["GET"]}}],"collection":[{"href":"https:\/\/speleoclub-gap.fr\/index.php?rest_route=\/wp\/v2\/pages"}],"about":[{"href":"https:\/\/speleoclub-gap.fr\/index.php?rest_route=\/wp\/v2\/types\/page"}],"author":[{"embeddable":true,"href":"https:\/\/speleoclub-gap.fr\/index.php?rest_route=\/wp\/v2\/users\/2"}],"replies":[{"embeddable":true,"href":"https:\/\/speleoclub-gap.fr\/index.php?rest_route=%2Fwp%2Fv2%2Fcomments&post=10935"}],"version-history":[{"count":1,"href":"https:\/\/speleoclub-gap.fr\/index.php?rest_route=\/wp\/v2\/pages\/10935\/revisions"}],"predecessor-version":[{"id":10937,"href":"https:\/\/speleoclub-gap.fr\/index.php?rest_route=\/wp\/v2\/pages\/10935\/revisions\/10937"}],"wp:attachment":[{"href":"https:\/\/speleoclub-gap.fr\/index.php?rest_route=%2Fwp%2Fv2%2Fmedia&parent=10935"}],"curies":[{"name":"wp","href":"https:\/\/api.w.org\/{rel}","templated":true}]}}